 - 156*w + 93. Give y(2).
833
Let q(u) = -2745*u - 65871. Give q(-24).
9
Let m(y) = -2420*y - 158291. Determine m(-65).
-991
Let b(j) = -8*j**3 + 45*j**2 + 143*j - 38. Calculate b(-3).
154
Let l(t) = -164*t - 895. What is l(-6)?
89
Let a(o) = -11*o**2 - 2288*o - 1606. Determine a(-207).
671
Let s(b) = b**3 - 30*b**2 + 2895*b - 83118. What is s(29)?
-4
Let r(x) = 3492670*x + 3492668. Give r(-1).
-2
Let a(w) = w**2 - 10*w - 197. Determine a(0).
-197
Let h(q) = -93*q + 1681. Give h(11).
658
Let v(a) = -a**3 - 6*a**2 - 996*a - 3941. Determine v(-4).
11
Let q(s) = 960*s - 301. What is q(1)?
659
Let m(y) = 22*y + 4311. Calculate m(-147).
1077
Let b(m) = m**3 - 9*m**2 + 3164*m - 31676. Calculate b(10).
64
Let w(h) = h**2 + 44947*h - 89897. Give w(2).
1
Let o(x) = -4*x**3 - 96*x**2 + 207*x - 24. What is o(-26)?
2
Let a(l) = 4*l**3 + 202*l**2 - 323*l + 93. Give a(-52).
665
Let i(b) = -24416*b + 6592314. What is i(270)?
-6
Let x(u) = -195*u + 18653. Give x(96).
-67
Let i(a) = 5*a**2 + 935*a - 125. Calculate i(-187).
-125
Let r(q) = 85080*q + 15824875. Calculate r(-186).
-5
Let m(s) = -302*s**2 + 1264*s - 3783. Calculate m(3).
-2709
Let b(m) = -58*m - 3056. Give b(-20).
-1896
Let u(y) = 46*y**2 + 2708*y + 1710. What is u(-58)?
-610
Let f(m) = m**2 + 1988*m - 156830. Calculate f(76).
34
Let a(i) = 71*i**2 + 947*i + 70. Determine a(-13).
-242
Let w(v) = -25*v**3 - 112*v**2 + 1434*v + 73. What is w(-10)?
-467
Let a(h) = 14*h**2 + 864*h + 5835. Give a(-54).
3
Let c(m) = m**3 + 3*m**2 + 36*m + 642. Determine c(0).
642
Let k(h) = h**2 + 314*h + 1574. Calculate k(-5).
29
Let g(z) = -4*z**2 - 54*z + 87. What is g(-16)?
-73
Let c(y) = -4*y**2 + 1213*y - 69991. Determine c(226).
-157
Let z(u) = 1164980*u - 34949406. What is z(30)?
-6
Let j(i) = -596*i + 85499. What is j(145)?
-921
Let a(d) = 1294*d - 358424. Give a(277).
14
Let k(u) = -4*u**3 + 35*u**2 - 66*u + 567. What is k(14)?
-4473
Let w(l) = l**3 + 96*l**2 + 189*l - 75. What is w(-94)?
-169
Let o(m) = m**2 + 130*m + 3828. Determine o(-86).
44
Let b(j) = -475*j + 833. Calculate b(5).
-1542
Let d(s) = -439*s**2 - 75610*s - 17539. What is d(-172)?
5
Let l(f) = -402*f + 29290. Calculate l(73).
-56
Let x(b) = 7*b - 3193. Calculate x(458).
13
Let h(g) = 2*g**3 - 416*g**2 + 815*g - 8. What is h(2)?
-26
Let f(j) = -4486*j + 246725. Calculate f(55).
-5
Let s(l) = 2*l**3 - 430*l**2 - 3073*l - 7772. What is s(222)?
-2
Let x(f) = -132*f**3 + 196*f**2 + 395*f - 14. Give x(-2).
1036
Let s(m) = -10*m**2 - 1639*m - 10988. What is s(-7)?
-5
Let u(b) = -3*b**3 - 24*b**2 + 30*b - 148. Give u(-10).
152
Let u(m) = -24*m**2 - 733*m - 4582. Give u(-22).
-72
Let t(i) = 9232*i - 36836. Calculate t(4).
92
Let s(d) = -8482*d - 67567. What is s(-8)?
289
Let j(u) = 3*u**2 + 2353*u + 21711. Determine j(-775).
11
Let m(v) = 6*v**3 - 362*v**2 + 4077*v - 3. Determine m(15).
-48
Let u(k) = -251353*k - 1256761. What is u(-5)?
4
Let h(i) = -75*i**2 - 3671*i - 7340. Calculate h(-2).
-298
Let b(l) = 3637*l - 1385704. Give b(381).
-7
Let v(h) = -4*h**2 + 337*h + 5279. Give v(99).
-562
Let b(f) = -f**3 + 4*f**2 + 22802*f - 159453. What is b(7)?
14
Let v(q) = 2*q**2 - 85*q + 712. What is v(31)?
-1
Let w(c) = 449*c - 4494. Give w(10).
-4
Let u(x) = x**3 + 37*x**2 - 466*x + 220. Determine u(-47).
32
Let g(x) = x**2 - 16565*x - 1064259. Determine g(-64).
-3
Let h(v) = -190*v**2 + 952*v + 31. Determine h(5).
41
Let l(g) = g**3 - 10*g**2 - 453*g - 6232. Give l(31).
-94
Let z(m) = -6616*m + 6681. Calculate z(1).
65
Let d(o) = -27000*o**2 + 26756*o + 246. Calculate d(1).
2
Let g(q) = -18232*q - 36457. Give g(-2).
7
Let n(p) = p**3 + 81*p**2 + 1491*p - 655. What is n(-52)?
229
Let q(m) = 136*m**2 + 503*m + 2019. What is q(-4)?
2183
Let o(g) = 3*g**2 + 391*g - 147116. Calculate o(-296).
-4
Let h(a) = 1680448*a - 36969861. Calculate h(22).
-5
Let k(f) = f**3 + 22*f**2 + 10*f + 100. What is k(-18)?
1216
Let h(s) = -7*s**2 - 1137*s - 19123. Calculate h(-19).
-47
Let h(o) = -o**2 - 115*o - 3600. Give h(-71).
-476
Let z(g) = -4*g**3 + 49*g**2 + 1441*g - 226. Give z(26).
60
Let v(w) = -w**3 - 60*w**2 - 801*w - 43776. Give v(-59).
2
Let b(h) = -1215050*h + 3645142. Give b(3).
-8
Let p(h) = 15619*h - 687234. Give p(44).
2
Let k(p) = -10*p**3 - 21*p**2 - 49*p - 29. Calculate k(-2).
65
Let o(h) = -411860*h + 5354138. Calculate o(13).
-42
Let y(f) = -f**3 + 25*f**2 + 356*f - 224. Give y(35).
-14
Let n(a) = 10073*a**2 - 20150*a + 4. Determine n(2).
-4
Let l(y) = -y**3 - 734*y**2 - 134668*y + 1818. Give l(-363).
3
Let i(m) = 2780*m**2 - 16773*m + 153. Determine i(6).
-405
Let o(s) = 502*s - 82804. Give o(165).
26
Let w(r) = r**2 - 118799*r + 593977. Calculate w(5).
7
Let n(r) = -250*r**2 + 1235*r - 84. Calculate n(4).
856
Let x(p) = p**3 + 32*p**2 + 24*p - 1083. What is x(-30)?
-3
Let i(w) = 2*w**3 - 60*w**2 + 19*w - 787. Calculate i(30).
-217
Let j(t) = -10684*t + 769300. Give j(72).
52
Let i(r) = -10*r**2 - 996*r - 3815. Determine i(-96).
-359
Let x(z) = -4*z**3 + 4005*z**2 - 24877*z + 1994. Give x(995).
4
Let f(a) = 139*a**2 - 2471*a - 555. Calculate f(18).
3
Let t(n) = -n**3 - 1066*n**2 - 17837*n - 55. What is t(-17)?
13
Let o(n) = -73551*n + 20079429. Calculate o(273).
6
Let m(r) = 26*r**2 + 6194*r + 12379. What is m(-2)?
95
Let c(y) = y**2 - 9388*y - 1073631. Determine c(-113).
-18
Let r(i) = -i**3 + 125*i**2 - 694*i + 10967. Give r(120).
-313
Let j(a) = a**3 - 202*a**2 + 1153*a + 115. What is j(6)?
-23
Let g(h) = h**3 - 2*h**2 + 715*h - 2817. What is g(4)?
75
Let q(a) = 254443*a + 763307. Give q(-3).
-22
Let h(o) = 5*o**3 + 133*o**2 - 39*o + 482. Give h(-27).
77
Let w(d) = -d**2 - 298*d + 4266. What is w(15)?
-429
Let t(b) = 10290*b + 329276. Determine t(-32).
-4
Let y(g) = g**3 + 248*g**2 + 2775*g - 117188. What is y(-234)?
46
Let k(v) = 363*v**2 + 2170*v + 18. Determine k(-6).
66
Let s(j) = 12*j - 1237. Determine s(144).
491
Let g(n) = -21*n**2 + 1159*n - 15745. Determine g(31).
3
Let f(c) = c**2 - 7*c - 40185. Calculate f(-197).
3
Let y(p) = -695532*p + 3477668. Give y(5).
8
Let k(o) = -345*o + 68661. Determine k(199).
6
Let p(v) = v**2 - 15753*v + 220366. Calculate p(14).
20
Let o(b) = 323800*b - 2266595. What is o(7)?
5
Let h(j) = -2*j**3 - 53*j**2 - 319*j + 155. What is h(-18)?
389
Let p(b) = -7*b**3 - 256*b**2 - 120*b + 753. Calculate p(-36).
-111
Let c(m) = 424*m**2 + 11872*m - 371. Determine c(-28).
-371
Let g(b) = -2*b**2 + 493*b - 20895. Determine g(54).
-105
Let k(h) = 128*h + 5668. Determine k(-43).
164
Let g(b) = 10876*b + 576429. Determine g(-53).
1
Let a(w) = -2*w**2 + 3712*w + 636419. What is a(-158)?
-5
Let y(z) = -230*z**2 - 947*z - 114. Give y(-4).
-6
Let g(i) = -3*i**3 - 1593*i**2 - 12551*i + 478. What is g(-523)?
-45
Let j(u) = 11510*u - 91939. Determine j(8).
141
Let v(o) = -8*o**3 - 15*o**2 + 5*o + 67. Calculate v(-2).
61
Let m(z) = 725*z - 42050. What is m(58)?
0
Let o(n) = 46*n**3 - 9067*n**2 + 989*n - 776. Give o(197).
12
Let u(p) = 2244*p - 65052. What is u(29)?
24
Let f(z) = 54429*z - 217715. Give f(4).
1
Let h(s) = -27*s**2 - 1646*s - 24751. Determine h(-34).
1
Let f(w) = -w**3 + 29*w**2 - 205*w + 496. What is f(20)?
-4
Let x(h) = -3107*h - 307563. Calculate x(-99).
30
Let f(z) = -83*z**2 - 72*z - 11. Determine f(0).
-11
Let d(s) = s**3 - 33*s**2 - 8374*s + 172690. Calculate d(20).
10
Let p(k) = -249*k - 6392. Calculate p(-28).
580
Let u(z) = -5*z**3 + 5824*z**2 + 7004*z - 9296. Give u(1166).
32
Let i(a) = -6227*a + 12365. Calculate i(2).
-89
Let y(a) = -2*a**2 - 6999*a + 84263. Calculate y(12).
-13
Let b(g) = -2*g**3 + 434*g**2 - 241*g + 52300. Give b(217).
3
Let d(f) = -3126*f - 19459. What is d(-7)?
2423
Let r(s) = -72*s**2 - 9687*s + 4457. Give r(-135).
2
Let x(l) = -134937*l - 1214305. Determine x(-9).
128
Let l(g) = 37*g**3 - 553*g**2 - 44*g + 106. Give l(15).
-104
Let v(l) = 119439*l + 18. What is v(0)?
18
Let z(m) = 589*m - 64127. Give z(109).
74
Let g(w) = 8*w**2 - 217*w - 15071. Give g(59).
-26
Let w(a) = -a**2 + 3734*a + 285525. Determine w(-75).
-150
Let b(z) = -2*z**2 + 163*z + 510. Calculate b(84).
90
Let s(i) = 2*i**3 + 83*i**2 - 384*i - 3172. Calculate s(-45).
-67
Let z(s) = -8*s**3 + 496*s**2 + 52*s + 97. Give z(62).
3321
Let z(k) = 3138*k + 269906. Calculate z(-86).
38
Let a(y) = -7*y**2 - 419*y - 7619. Give a(